{"id":271,"date":"2019-05-23T09:30:29","date_gmt":"2019-05-23T07:30:29","guid":{"rendered":"http:\/\/themes.themegoods.com\/grandmagazine\/demo\/?page_id=2"},"modified":"2022-06-27T16:03:53","modified_gmt":"2022-06-27T14:03:53","slug":"contacto","status":"publish","type":"page","link":"https:\/\/www.alssport.es\/blog\/contacto\/","title":{"rendered":"Contacto"},"content":{"rendered":"\n<div class=\"wp-block-group\"><div class=\"wp-block-group__inner-container is-layout-flow wp-block-group-is-layout-flow\">\n<div class=\"contenido\">\n<div class=\"caja\">\n<h2>Tienda Granada<\/h2>\n<div class=\"mapa\"><iframe loading=\"lazy\" src=\"https:\/\/www.google.com\/maps\/embed?pb=!1m18!1m12!1m3!1d3177.17277816933!2d-3.6409651844186124!3d37.219873151662185!2m3!1f0!2f0!3f0!3m2!1i1024!2i768!4f13.1!3m3!1m2!1s0xd71e4782066440f%3A0x9163411503865f95!2sALS%20Sport%20Granada%20-%20Zapatillas%20Running%20-%20Trail%20-%20Ropa%20y%20Accesorios!5e0!3m2!1ses!2ses!4v1656336978679!5m2!1ses!2ses\" width=\"100%\" height=\"450\" frameborder=\"0\"allowfullscreen=\"allowfullscreen\"><\/iframe><\/div>\n<div class=\"localizacion\"><a href=\"https:\/\/goo.gl\/maps\/tQ9wijvJHvE9v7Ho8\">Calle Bubi\u00f3n, 24, Pol\u00edgono Industrial Juncaril, Peligros, Granada.<\/a><\/div>\n<\/div>\n<div class=\"caja\">\n<h2>Tienda M\u00e1laga<\/h2>\n<div class=\"mapa\"><iframe loading=\"lazy\" style=\"border: 0;\" src=\"https:\/\/www.google.com\/maps\/embed?pb=!1m18!1m12!1m3!1d1344.9531640771072!2d-4.436240324118329!3d36.702004236557336!2m3!1f0!2f0!3f0!3m2!1i1024!2i768!4f13.1!3m3!1m2!1s0xd72f7842a015c41%3A0x462a061a62b155d4!2sALS+Sport+M%C3%A1laga+-+Zapatillas+Running+-+Trail+-+Ropa+y+Accesorios!5e0!3m2!1ses!2ses!4v1558597571125!5m2!1ses!2ses\" width=\"100%\" height=\"450\" frameborder=\"0\" allowfullscreen=\"allowfullscreen\"><\/iframe><\/div>\n<div class=\"localizacion\"><a href=\"https:\/\/goo.gl\/maps\/sJsfBNwU276xcTTN8\">Esquina de Calle Garcer\u00e1n con Paseo Mar\u00edtimo Antonio Machado, 29002, M\u00e1laga.<\/a><\/div>\n<\/div>\n<div class=\"caja\">\n<h2>Tienda Valencia<\/h2>\n<div class=\"mapa\"><iframe loading=\"lazy\" src=\"https:\/\/www.google.com\/maps\/embed?pb=!1m18!1m12!1m3!1d5179.48768389049!2d-0.4042381857269682!3d39.47516135758932!2m3!1f0!2f0!3f0!3m2!1i1024!2i768!4f13.1!3m3!1m2!1s0xd604f9593ad63c9%3A0x4a6ad6d15a30e147!2sALS%20Sport%20Valencia%20-%20Zapatillas%20Running%20-%20Trail%20-%20Ropa%20y%20Accesorios!5e0!3m2!1ses!2ses!4v1656338262193!5m2!1ses!2ses\" width=\"100%\" height=\"450\" frameborder=\"0\" allowfullscreen=\"allowfullscreen\"><\/iframe><\/div>\n<div class=\"localizacion\"><a href=\"https:\/\/g.page\/alssport-valencia?share\">Avda. de Manuel de Falla, 11. 46015, Valencia.<\/a><\/div>\n<\/div>\n<div class=\"horario_tienda\">\n<p><b>Horario tiendas f\u00edsicas:<\/b> Lunes a Viernes de 10:00 a 14:00 &#8211; 17:30 a 21:00<\/p>\n<p>S\u00e1bados de 10:00 a 14:00<\/p>\n<\/div>\n<div class=\"horario_web\">\n<p><b>Horario Atenci\u00f3n al Cliente:<\/b> Lunes a Viernes de 9:00 a 15:00<\/p>\n<p><b>Tel\u00e9fono Atenci\u00f3n al Cliente:<\/b> +34 674 34 36 55<\/p>\n<\/div>\n<\/div>\n\n\n\n<div class=\"wp-block-contact-form-7-contact-form-selector\">\n<div class=\"wpcf7 no-js\" id=\"wpcf7-f27-o1\" lang=\"es-ES\" dir=\"ltr\" data-wpcf7-id=\"27\">\n<div class=\"screen-reader-response\"><p role=\"status\" aria-live=\"polite\" aria-atomic=\"true\"><\/p> <ul><\/ul><\/div>\n<form action=\"\/blog\/wp-json\/wp\/v2\/pages\/271#wpcf7-f27-o1\" method=\"post\" class=\"wpcf7-form init\" aria-label=\"Formulario de contacto\" novalidate=\"novalidate\" data-status=\"init\">\n<div style=\"display: none;\">\n<input type=\"hidden\" name=\"_wpcf7\" value=\"27\" \/>\n<input type=\"hidden\" name=\"_wpcf7_version\" value=\"6.0\" \/>\n<input type=\"hidden\" name=\"_wpcf7_locale\" value=\"es_ES\" \/>\n<input type=\"hidden\" name=\"_wpcf7_unit_tag\" value=\"wpcf7-f27-o1\" \/>\n<input type=\"hidden\" name=\"_wpcf7_container_post\" value=\"0\" \/>\n<input type=\"hidden\" name=\"_wpcf7_posted_data_hash\" value=\"\" \/>\n<input type=\"hidden\" name=\"_wpcf7_recaptcha_response\" value=\"\" \/>\n<\/div>\n<p><label> Ponga su nombre (requerido)<br \/>\n<span class=\"wpcf7-form-control-wrap\" data-name=\"your-name\"><input size=\"40\" maxlength=\"400\" class=\"wpcf7-form-control wpcf7-text wpcf7-validates-as-required\" aria-required=\"true\" aria-invalid=\"false\" value=\"\" type=\"text\" name=\"your-name\" \/><\/span> <\/label>\n<\/p>\n<p><label> y su correo electr\u00f3nico (requerido)<br \/>\n<span class=\"wpcf7-form-control-wrap\" data-name=\"your-email\"><input size=\"40\" maxlength=\"400\" class=\"wpcf7-form-control wpcf7-email wpcf7-validates-as-required wpcf7-text wpcf7-validates-as-email\" aria-required=\"true\" aria-invalid=\"false\" value=\"\" type=\"email\" name=\"your-email\" \/><\/span> <\/label>\n<\/p>\n<p><label> \u00bfCu\u00e1l es su inquietud?<br \/>\n<span class=\"wpcf7-form-control-wrap\" data-name=\"your-subject\"><input size=\"40\" maxlength=\"400\" class=\"wpcf7-form-control wpcf7-text\" aria-invalid=\"false\" value=\"\" type=\"text\" name=\"your-subject\" \/><\/span> <\/label>\n<\/p>\n<p><label> Preg\u00fantenos<br \/>\n<span class=\"wpcf7-form-control-wrap\" data-name=\"your-message\"><textarea cols=\"40\" rows=\"10\" maxlength=\"2000\" class=\"wpcf7-form-control wpcf7-textarea\" aria-invalid=\"false\" name=\"your-message\"><\/textarea><\/span> <\/label>\n<\/p>\n<p><input class=\"wpcf7-form-control wpcf7-submit has-spinner\" type=\"submit\" value=\"Enviar\" \/>\n<\/p><div class=\"wpcf7-response-output\" aria-hidden=\"true\"><\/div>\n<\/form>\n<\/div>\n<\/div>\n<\/div><\/div>\n","protected":false},"excerpt":{"rendered":"<p>Tienda Granada Calle Bubi\u00f3n, 24, Pol\u00edgono Industrial Juncaril, Peligros, Granada. Tienda M\u00e1laga Esquina de Calle Garcer\u00e1n con Paseo Mar\u00edtimo Antonio Machado, 29002, M\u00e1laga. Tienda Valencia Avda. de Manuel de Falla, 11. 46015, Valencia. Horario tiendas f\u00edsicas: Lunes a Viernes de [&hellip;]<\/p>\n","protected":false},"author":1,"featured_media":0,"parent":0,"menu_order":0,"comment_status":"closed","ping_status":"open","template":"page_r.php","meta":{"_uf_show_specific_survey":0,"_uf_disable_surveys":false,"footnotes":""},"class_list":["post-271","page","type-page","status-publish","hentry"],"yoast_head":"<!-- This site is optimized with the Yoast SEO plugin v25.6 - https:\/\/yoast.com\/wordpress\/plugins\/seo\/ -->\n<title>Contacto | ALS Sport<\/title>\n<meta name=\"robots\" content=\"noindex, follow\" \/>\n<meta property=\"og:locale\" content=\"es_ES\" \/>\n<meta property=\"og:type\" content=\"article\" \/>\n<meta property=\"og:title\" content=\"Contacto | ALS Sport\" \/>\n<meta property=\"og:description\" content=\"Tienda Granada Calle Bubi\u00f3n, 24, Pol\u00edgono Industrial Juncaril, Peligros, Granada. Tienda M\u00e1laga Esquina de Calle Garcer\u00e1n con Paseo Mar\u00edtimo Antonio Machado, 29002, M\u00e1laga. Tienda Valencia Avda. de Manuel de Falla, 11. 46015, Valencia. Horario tiendas f\u00edsicas: Lunes a Viernes de [&hellip;]\" \/>\n<meta property=\"og:url\" content=\"https:\/\/www.alssport.es\/blog\/contacto\/\" \/>\n<meta property=\"og:site_name\" content=\"ALS Sport\" \/>\n<meta property=\"article:modified_time\" content=\"2022-06-27T14:03:53+00:00\" \/>\n<meta name=\"twitter:card\" content=\"summary_large_image\" \/>\n<meta name=\"twitter:site\" content=\"@als_sport_es\" \/>\n<meta name=\"twitter:label1\" content=\"Tiempo de lectura\" \/>\n\t<meta name=\"twitter:data1\" content=\"1 minuto\" \/>\n<script type=\"application\/ld+json\" class=\"yoast-schema-graph\">{\"@context\":\"https:\/\/schema.org\",\"@graph\":[{\"@type\":\"NewsArticle\",\"@id\":\"https:\/\/www.alssport.es\/blog\/contacto\/#article\",\"isPartOf\":{\"@id\":\"https:\/\/www.alssport.es\/blog\/contacto\/\"},\"author\":{\"name\":\"Alssport.es\",\"@id\":\"https:\/\/www.alssport.es\/blog\/#\/schema\/person\/8b6c83a561a52999a6facf603878278d\"},\"headline\":\"Contacto\",\"datePublished\":\"2019-05-23T07:30:29+00:00\",\"dateModified\":\"2022-06-27T14:03:53+00:00\",\"mainEntityOfPage\":{\"@id\":\"https:\/\/www.alssport.es\/blog\/contacto\/\"},\"wordCount\":71,\"publisher\":{\"@id\":\"https:\/\/www.alssport.es\/blog\/#organization\"},\"inLanguage\":\"es\"},{\"@type\":\"WebPage\",\"@id\":\"https:\/\/www.alssport.es\/blog\/contacto\/\",\"url\":\"https:\/\/www.alssport.es\/blog\/contacto\/\",\"name\":\"Contacto | ALS Sport\",\"isPartOf\":{\"@id\":\"https:\/\/www.alssport.es\/blog\/#website\"},\"datePublished\":\"2019-05-23T07:30:29+00:00\",\"dateModified\":\"2022-06-27T14:03:53+00:00\",\"breadcrumb\":{\"@id\":\"https:\/\/www.alssport.es\/blog\/contacto\/#breadcrumb\"},\"inLanguage\":\"es\",\"potentialAction\":[{\"@type\":\"ReadAction\",\"target\":[\"https:\/\/www.alssport.es\/blog\/contacto\/\"]}]},{\"@type\":\"BreadcrumbList\",\"@id\":\"https:\/\/www.alssport.es\/blog\/contacto\/#breadcrumb\",\"itemListElement\":[{\"@type\":\"ListItem\",\"position\":1,\"name\":\"Portada\",\"item\":\"https:\/\/www.alssport.es\/blog\/\"},{\"@type\":\"ListItem\",\"position\":2,\"name\":\"Contacto\"}]},{\"@type\":\"WebSite\",\"@id\":\"https:\/\/www.alssport.es\/blog\/#website\",\"url\":\"https:\/\/www.alssport.es\/blog\/\",\"name\":\"Als Sport\",\"description\":\"Descubre nuestros consejos para mejorar tu rendimiento, reviews de las mejores zapatillas running y la cobertura de los eventos exclusivos para corredores.\",\"publisher\":{\"@id\":\"https:\/\/www.alssport.es\/blog\/#organization\"},\"potentialAction\":[{\"@type\":\"SearchAction\",\"target\":{\"@type\":\"EntryPoint\",\"urlTemplate\":\"https:\/\/www.alssport.es\/blog\/?s={search_term_string}\"},\"query-input\":{\"@type\":\"PropertyValueSpecification\",\"valueRequired\":true,\"valueName\":\"search_term_string\"}}],\"inLanguage\":\"es\"},{\"@type\":\"Organization\",\"@id\":\"https:\/\/www.alssport.es\/blog\/#organization\",\"name\":\"Als Sport\",\"url\":\"https:\/\/www.alssport.es\/blog\/\",\"logo\":{\"@type\":\"ImageObject\",\"inLanguage\":\"es\",\"@id\":\"https:\/\/www.alssport.es\/blog\/#\/schema\/logo\/image\/\",\"url\":\"https:\/\/www.alssport.es\/blog\/wp-content\/uploads\/2022\/04\/als-fav.png\",\"contentUrl\":\"https:\/\/www.alssport.es\/blog\/wp-content\/uploads\/2022\/04\/als-fav.png\",\"width\":200,\"height\":200,\"caption\":\"Als Sport\"},\"image\":{\"@id\":\"https:\/\/www.alssport.es\/blog\/#\/schema\/logo\/image\/\"},\"sameAs\":[\"https:\/\/x.com\/als_sport_es\",\"https:\/\/www.instagram.com\/als_sport\/\",\"https:\/\/www.youtube.com\/c\/alssportesgr\"]},{\"@type\":\"Person\",\"@id\":\"https:\/\/www.alssport.es\/blog\/#\/schema\/person\/8b6c83a561a52999a6facf603878278d\",\"name\":\"Alssport.es\",\"image\":{\"@type\":\"ImageObject\",\"inLanguage\":\"es\",\"@id\":\"https:\/\/www.alssport.es\/blog\/#\/schema\/person\/image\/\",\"url\":\"https:\/\/secure.gravatar.com\/avatar\/3f277dfb2375f50acf59310e7ebcf654?s=96&d=mm&r=g\",\"contentUrl\":\"https:\/\/secure.gravatar.com\/avatar\/3f277dfb2375f50acf59310e7ebcf654?s=96&d=mm&r=g\",\"caption\":\"Alssport.es\"}}]}<\/script>\n<!-- \/ Yoast SEO plugin. -->","yoast_head_json":{"title":"Contacto | ALS Sport","robots":{"index":"noindex","follow":"follow"},"og_locale":"es_ES","og_type":"article","og_title":"Contacto | ALS Sport","og_description":"Tienda Granada Calle Bubi\u00f3n, 24, Pol\u00edgono Industrial Juncaril, Peligros, Granada. Tienda M\u00e1laga Esquina de Calle Garcer\u00e1n con Paseo Mar\u00edtimo Antonio Machado, 29002, M\u00e1laga. Tienda Valencia Avda. de Manuel de Falla, 11. 46015, Valencia. Horario tiendas f\u00edsicas: Lunes a Viernes de [&hellip;]","og_url":"https:\/\/www.alssport.es\/blog\/contacto\/","og_site_name":"ALS Sport","article_modified_time":"2022-06-27T14:03:53+00:00","twitter_card":"summary_large_image","twitter_site":"@als_sport_es","twitter_misc":{"Tiempo de lectura":"1 minuto"},"schema":{"@context":"https:\/\/schema.org","@graph":[{"@type":"NewsArticle","@id":"https:\/\/www.alssport.es\/blog\/contacto\/#article","isPartOf":{"@id":"https:\/\/www.alssport.es\/blog\/contacto\/"},"author":{"name":"Alssport.es","@id":"https:\/\/www.alssport.es\/blog\/#\/schema\/person\/8b6c83a561a52999a6facf603878278d"},"headline":"Contacto","datePublished":"2019-05-23T07:30:29+00:00","dateModified":"2022-06-27T14:03:53+00:00","mainEntityOfPage":{"@id":"https:\/\/www.alssport.es\/blog\/contacto\/"},"wordCount":71,"publisher":{"@id":"https:\/\/www.alssport.es\/blog\/#organization"},"inLanguage":"es"},{"@type":"WebPage","@id":"https:\/\/www.alssport.es\/blog\/contacto\/","url":"https:\/\/www.alssport.es\/blog\/contacto\/","name":"Contacto | ALS Sport","isPartOf":{"@id":"https:\/\/www.alssport.es\/blog\/#website"},"datePublished":"2019-05-23T07:30:29+00:00","dateModified":"2022-06-27T14:03:53+00:00","breadcrumb":{"@id":"https:\/\/www.alssport.es\/blog\/contacto\/#breadcrumb"},"inLanguage":"es","potentialAction":[{"@type":"ReadAction","target":["https:\/\/www.alssport.es\/blog\/contacto\/"]}]},{"@type":"BreadcrumbList","@id":"https:\/\/www.alssport.es\/blog\/contacto\/#breadcrumb","itemListElement":[{"@type":"ListItem","position":1,"name":"Portada","item":"https:\/\/www.alssport.es\/blog\/"},{"@type":"ListItem","position":2,"name":"Contacto"}]},{"@type":"WebSite","@id":"https:\/\/www.alssport.es\/blog\/#website","url":"https:\/\/www.alssport.es\/blog\/","name":"Als Sport","description":"Descubre nuestros consejos para mejorar tu rendimiento, reviews de las mejores zapatillas running y la cobertura de los eventos exclusivos para corredores.","publisher":{"@id":"https:\/\/www.alssport.es\/blog\/#organization"},"potentialAction":[{"@type":"SearchAction","target":{"@type":"EntryPoint","urlTemplate":"https:\/\/www.alssport.es\/blog\/?s={search_term_string}"},"query-input":{"@type":"PropertyValueSpecification","valueRequired":true,"valueName":"search_term_string"}}],"inLanguage":"es"},{"@type":"Organization","@id":"https:\/\/www.alssport.es\/blog\/#organization","name":"Als Sport","url":"https:\/\/www.alssport.es\/blog\/","logo":{"@type":"ImageObject","inLanguage":"es","@id":"https:\/\/www.alssport.es\/blog\/#\/schema\/logo\/image\/","url":"https:\/\/www.alssport.es\/blog\/wp-content\/uploads\/2022\/04\/als-fav.png","contentUrl":"https:\/\/www.alssport.es\/blog\/wp-content\/uploads\/2022\/04\/als-fav.png","width":200,"height":200,"caption":"Als Sport"},"image":{"@id":"https:\/\/www.alssport.es\/blog\/#\/schema\/logo\/image\/"},"sameAs":["https:\/\/x.com\/als_sport_es","https:\/\/www.instagram.com\/als_sport\/","https:\/\/www.youtube.com\/c\/alssportesgr"]},{"@type":"Person","@id":"https:\/\/www.alssport.es\/blog\/#\/schema\/person\/8b6c83a561a52999a6facf603878278d","name":"Alssport.es","image":{"@type":"ImageObject","inLanguage":"es","@id":"https:\/\/www.alssport.es\/blog\/#\/schema\/person\/image\/","url":"https:\/\/secure.gravatar.com\/avatar\/3f277dfb2375f50acf59310e7ebcf654?s=96&d=mm&r=g","contentUrl":"https:\/\/secure.gravatar.com\/avatar\/3f277dfb2375f50acf59310e7ebcf654?s=96&d=mm&r=g","caption":"Alssport.es"}}]}},"_links":{"self":[{"href":"https:\/\/www.alssport.es\/blog\/wp-json\/wp\/v2\/pages\/271"}],"collection":[{"href":"https:\/\/www.alssport.es\/blog\/wp-json\/wp\/v2\/pages"}],"about":[{"href":"https:\/\/www.alssport.es\/blog\/wp-json\/wp\/v2\/types\/page"}],"author":[{"embeddable":true,"href":"https:\/\/www.alssport.es\/blog\/wp-json\/wp\/v2\/users\/1"}],"replies":[{"embeddable":true,"href":"https:\/\/www.alssport.es\/blog\/wp-json\/wp\/v2\/comments?post=271"}],"version-history":[{"count":10,"href":"https:\/\/www.alssport.es\/blog\/wp-json\/wp\/v2\/pages\/271\/revisions"}],"predecessor-version":[{"id":14610,"href":"https:\/\/www.alssport.es\/blog\/wp-json\/wp\/v2\/pages\/271\/revisions\/14610"}],"wp:attachment":[{"href":"https:\/\/www.alssport.es\/blog\/wp-json\/wp\/v2\/media?parent=271"}],"curies":[{"name":"wp","href":"https:\/\/api.w.org\/{rel}","templated":true}]}}